Let t be 3/(-1) + a - (-381)/3. Suppose -3*j + t = 2*z - 191, -4*z - 452 = -4*j. Is j a prime number?
True
Suppose -7*f = -6*f - 2. Let c = -438 - -771. Let a = f + c. Is a a composite number?
True
Let d(w) = -184275*w + 2809. Is d(-4) prime?
True
Suppose -5*q = -2*q + y - 17, 5*y + 5 = 3*q. Is q + 3642 - (6 - 6) prime?
False
Let c(d) = 3*d - 18. Let a be c(30). Suppose -a*n + 71*n = s - 5022, 0 = 3*n + s - 15076. Is n prime?
False
Let a be 2*-3 - (2417 + -11). Let l = a + 8551. Is l prime?
False
Let t = 4 - 6. Let r be 6/((t/3)/(12/(-27))). Suppose 0 = -r*u - 5*n + 436, 0*u + u - 5*n = 109. Is u composite?
False
Let y be ((-18)/(-3) - 27295)/(-1). Suppose 26*v - y = 19537. Is v a prime number?
True
Let v(q) = 5*q**3 - 20*q**2 + 3*q - 9. Let n be v(4). Is 2332 + n*(-8)/(-24) composite?
False
Let s be (-3 - -31 - -5) + (0 - 0). Suppose v + 3 - s = -5*r, 5*r = -2*v + 30. Suppose -r*h - 281 + 5903 = 0. Is h a composite number?
False
Suppose -360478 = 8*j - 12*j + 3*c, 360486 = 4*j + c. Is j prime?
True
Let g = 179 + -160. Let b(o) = 98*o + 41. Is b(g) prime?
False
Suppose -s = 3, 7*a - 3031500 - 235927 = -4*s. Is a a composite number?
False
Let g = -203 + 208. Suppose g*q - 25690 = -9*q. Is q composite?
True
Let k = -9738 + 39797. Is k a prime number?
True
Let p(d) = -d**3 - 20*d**2 + 4. Let k be 4/(-22) - (-145)/11. Suppose 8 = -i - k. Is p(i) a prime number?
False
Suppose -4*z - 2*c = -153546, -4*z = -2*c - 120260 - 33306. Is z a composite number?
True
Let y(u) = u**2 - 23*u + 19. Let d be y(23). Suppose 0 = d*q - 7*q - 51228. Is q a composite number?
True
Let t(b) = 6794*b**2 - 158*b - 1385. Is t(-9) a prime number?
True
Let z(v) = -v**3 + 7*v**2 + 3*v + 8. Suppose 13*t = 16*t - 18. Let c be z(t). Suppose -2*u + 2*r + 0*r = -c, 93 = 3*u + 4*r. Is u a prime number?
True
Let q(c) = -57*c**3 - 2*c**2 - c + 1. Let u be q(-1). Suppose -u*f - 15 = -52*f. Is 30233/28 + f/4 composite?
True
Suppose 50*t + 510 = 67*t. Suppose -52455 = -t*d + 46515. Is d composite?
False
Suppose 5*c - 2*w - 3 = 0, 3*w - 21 = -2*c + 3. Let r be ((-6)/8)/((-1)/4). Suppose 1543 = c*j - 2*x, r*j = -0*j - 4*x + 1567. Is j composite?
True
Let k = -30782 - -70741. Is k composite?
True
Suppose -2*k - 3665 = -v, k + 0*k = -2*v + 7345. Is v prime?
True
Let f = -441 + 451. Let m(c) = 1445*c - 39. Is m(f) a composite number?
False
Let d(f) = 170*f**3 - 3*f**2 + 4*f - 2. Let k be d(2). Suppose 0 = -9*m + 98368 - 17746. Suppose -k = 4*w - m. Is w a composite number?
False
Let a = -6387 - -3108. Let w = a + 5285. Suppose 3*q = -12, 2*s + q + 608 = w. Is s a composite number?
False
Suppose -40*g = -43*g. Let v(j) = -2*j**3 + 5*j**2 - 9*j + 1627. Let q(n) = -n**3 + 3*n**2 - 5*n + 813. Let s(a) = -7*q(a) + 4*v(a). Is s(g) a composite number?
True
Suppose -c + 15 = -263. Let j = -411 - -244. Let f = c + j. Is f a composite number?
True
Is 6 - (17 - 14662) - 16 composite?
True
Suppose 55*y + 51*y + 8465 = 111*y. Is y composite?
False
Suppose -6*y + y = -5*o, 8 = 2*y + 2*o. Let g = y + 443. Suppose -5*n - 25 = 0, 4*n = -0*b + 5*b - g. Is b composite?
True
Let h(m) = 5*m**2 - 137*m + 46. Let u be h(27). Suppose 0*c = -5*c + 400. Is 5 + u + c + 0 a prime number?
False
Let p(x) = 2*x**2 + 8*x + 7. Let y(c) = -6 + 7*c - 3*c - 7*c + c**2. Let o be y(0). Is p(o) a composite number?
False
Suppose 38848919 + 9223874 = 233*n. Is n composite?
True
Suppose -2*y - 162 = -4*b, 3*b - 2*b + 172 = -2*y. Let u = y - -91. Suppose 0 = 12*j - u*j - 4764. Is j prime?
False
Let p be 0 - -3 - 3 - -21. Suppose p*i = 19*i + 12778. Is i composite?
False
Suppose 5*v + 2451 = 2*p, -7*p + 2*p + 2*v = -6159. Let n(g) = 2*g**3 - 59*g**2 - 37*g + 12. Let k be n(31). Suppose p = 11*w - k. Is w prime?
True
Suppose 4*n + 12*w - 911061 = n, -5*n + 1518401 = 3*w. Is n a prime number?
True
Let a(u) = 12*u + 53. Let f be a(-4). Suppose 0 = -3*b - f*w + 44779, -44765 = -2*b - b + 2*w. Is b a prime number?
True
Let v(a) = -467*a - 1131. Is v(-20) a prime number?
True
Suppose 3*b - 2550526 = c, 4*b + 7*c = 4274652 - 873909. Is b composite?
False
Let u(x) = 12*x**2 - 24*x - 6. Let b = 5 + -17. Let v be u(b). Suppose -5*o = -5345 - v. Is o a composite number?
False
Let p be ((28/(-8) + 4)*0)/(-2). Suppose 8*v = 5*n + 5*v - 2205, p = 2*n - 5*v - 863. Let j = n - 250. Is j a composite number?
True
Let d(i) = i**2 + i. Let c(z) = z**2 + 2*z. Let g(a) = -4*c(a) + 5*d(a). Let s be g(0). Is 3 - s/(-3) - -163 prime?
False
Is (1/(-2))/(44/(-2144472)*3) a composite number?
False
Let b(a) = 5*a**2 + 15*a - 26. Suppose 0 = 2*t - 6, -t + 4*t = -5*s + 49. Let k be b(s). Let n = k - -365. Is n a prime number?
False
Let z be (4592 - -1) + 2*(-30)/(-12). Suppose -12*i + z = -4342. Is i prime?
False
Suppose 0 = 17*z + 44*z - 2384795. Is (130/25 - 5)/(7/z) composite?
False
Is (189538 - (-4 + 5))*8/24 prime?
True
Let y(f) = -f**3 + 15*f**2 + 21*f + 13. Let m be y(-10). Let h = m + -1534. Is h a composite number?
False
Let d(i) be the second derivative of 9*i**5/20 + i**4/2 - 5*i**3/6 - 25*i**2/2 + i + 4. Is d(8) prime?
False
Let h = 1345 - -1047. Let j = h + -990. Is j a composite number?
True
Let m be 2/(-3) - 13/3. Let r be (3/m)/(7/(-35)). Is (-1)/(r*(-4)/11676) prime?
False
Let p be -1 - 9/(36/(-32)). Suppose p*i - 11*i - 224 = 0. Let g = 115 + i. Is g a composite number?
False
Let y(q) = -3*q - 51. Let l be y(-17). Suppose 53*b - 45*b - 1736 = l. Is b a prime number?
False
Let u = -73 - -76. Suppose -u*j + 7*j = 5*h - 26, -j + 4 = 4*h. Is j/(1*-2*9/1143) a composite number?
True
Let v = -72 - -77. Suppose 6 = -3*d + v*d. Suppose d*b + 5*t = -b + 15787, 3*b - 4*t - 11817 = 0. Is b a prime number?
True
Suppose 49*y - 2057408 = -12*y - 84241. Is y a composite number?
True
Suppose m + 2157 = -2*m. Let y = -447 - m. Suppose r = 65 + y. Is r a prime number?
True
Let o be 1*3 + 2 + -3. Let g(q) = 126*q**2 + 486*q + 976. Let w be g(-2). Suppose 6*s - o*s = w. Is s a composite number?
False
Let j(g) = -g**2 - 6*g - 5. Let d be j(-5). Let c = 188 + 1418. Suppose d = -3*x + c + 839. Is x composite?
True
Let u(x) = x**3 + 8*x**2 + 55*x + 125. Let w be u(-3). Suppose 2369 = 4*j - 2483. Suppose 2*p + 326 = 5*t - j, -5*t - w*p + 1525 = 0. Is t a composite number?
False
Let d(k) = k**3 + 21*k**2 + 12*k + 163. Is d(-15) composite?
True
Let n(x) = -x**3 - 4*x**2 + 17*x + 14. Let w be n(-7). Is w/(-12)*(0 - 6776 - 2) composite?
True
Let t(j) = 573*j - 45. Let m(z) = -287*z + 22. Let d(r) = 5*m(r) + 3*t(r). Is d(4) a prime number?
False
Let x(p) = p**2 + 15*p + 28. Let o be x(-13). Suppose -o*q = 5*l - 3*q + 111, 3*l = -3*q - 63. Let d(i) = -i**2 - 26*i + 39. Is d(l) a composite number?
False
Suppose 10*k - 41 = -101. Is 7/(k/(-64794) + 0) prime?
False
Let k(c) = 1894*c**3 - 7*c**2 + 25. Is k(4) prime?
False
Suppose -5*d = 2*s - 19, 2*s - 7 = 3*s - 3*d. Suppose s*u + 22570 + 29149 = 5*r, -4*r + 41371 = -3*u. Is r prime?
False
Let n(z) = 4*z - 11. Let r be n(-5). Let h = 31 + r. Suppose h = 10*c - 3*c - 1813. Is c a composite number?
True
Suppose -2*g + 6*g - 1016 = 0. Let q = g + 360. Is q a composite number?
True
Suppose c - 3*a - 538259 = 0, -4*a + 2213046 = 5*c - 478173. Is c composite?
False
Suppose y + 3*p + 1 = 0, 16 = 5*y - 3*y - 3*p. Is y + ((-1)/4 - (-152775)/60) prime?
True
Let w = 101470 - 57401. Is w a composite number?
True
Let b be 2 - (1 + (-3 - -1)). Suppose 18 = 5*q + b. Suppose -452 - 85 = -q*m. Is m prime?
True
Let f(c) = c**3 - 6*c**2 + c - 4. Let a be f(6). Suppose a*t = -t - 15, 3*t + 1158 = 3*d. Is d a prime number?
False
Suppose -25*o + 14 = 3*q - 30*o, -q + 2 = -o. Is 117461/92 - q/8 prime?
True
Let m(c) = 3393*c**2 - 121*c - 45. Is m(4) a composite number?
False
Let b(o) = 12*o**2 - 10*o - 49. Is b(16) a composite number?
True
Let k(l) be the second derivative of 271*l**4/12 - 16*l**3 - 8*l + 3. Is k(7) a prime number?
False
Let l(x) = x**3 + 152*x**2 + 82*x - 59. Is l(70) a composite number?
True
Let w(t) = 2718*t**3 - 2*t**2 - 5. Is w(2) a prime number?
False
Is (-349143)/((10 + -1)/(-3)) a prime number?
True
Let j = -401 - -872. Suppose -5*i = -2*q - 3*i - 960, -q = -4*i + j. Let c = 1106 + q. Is c composite?
True
Let o(j) = j**3 - 61*j**2 + 10*j - 275. Is o(94) prime?
False
Suppose 5*z + 66*v = 70*v + 1197101, 2*z = 3*v + 478846. Is 